ase 12.
-56
What is 13 (base 13) in base 11?
15
What is -53 (base 6) in base 16?
-21
What is -38 (base 12) in base 15?
-2e
55 (base 13) to base 6
154
Convert -113 (base 6) to base 2.
-101101
65 (base 13) to base 5
313
Convert 0 (base 6) to base 9.
0
What is 102012 (base 3) in base 4?
10232
Convert 4 (base 8) to base 14.
4
What is 9c (base 15) in base 16?
93
Convert 1 (base 9) to base 16.
1
Convert 2032 (base 4) to base 13.
ac
Convert -21 (base 5) to base 16.
-b
What is -177 (base 11) in base 6?
-541
What is 7 (base 13) in base 5?
12
Convert b8 (base 15) to base 14.
c5
-10 (base 5) to base 6
-5
1 (base 13) to base 9
1
1 (base 16) to base 13
1
6 (base 13) to base 15
6
What is -10 (base 2) in base 3?
-2
What is -3020 (base 4) in base 8?
-310
What is 105 (base 8) in base 15?
49
What is 57 (base 12) in base 16?
43
What is 0 (base 2) in base 5?
0
Convert 6 (base 11) to base 5.
11
-22 (base 4) to base 8
-12
Convert 4 (base 13) to base 2.
100
What is -44 (base 7) in base 2?
-100000
What is -3 (base 8) in base 5?
-3
What is 12 (base 8) in base 11?
a
Convert -1 (base 7) to base 2.
-1
What is -9d (base 15) in base 12?
-104
-13 (base 5) to base 9
-8
What is 110 (base 3) in base 12?
10
What is 3 (base 13) in base 7?
3
What is 14 (base 9) in base 6?
21
What is 39 (base 15) in base 3?
2000
-2013 (base 4) to base 10
-135
Convert 2 (base 10) to base 14.
2
Convert -7 (base 9) to base 5.
-12
Convert -4 (base 16) to base 9.
-4
What is 91 (base 11) in base 3?
10201
Convert -11 (base 5) to base 6.
-10
Convert -4 (base 10) to base 4.
-10
What is -3f (base 16) in base 10?
-63
What is -3 (base 14) in base 8?
-3
What is 3030 (base 4) in base 12?
150
Convert -11 (base 4) to base 6.
-5
Convert -4 (base 14) to base 12.
-4
-3 (base 14) to base 8
-3
Convert 92 (base 15) to base 5.
1022
What is 196 (base 11) in base 3?
22101
Convert -11 (base 4) to base 11.
-5
What is -18 (base 16) in base 5?
-44
10 (base 3) to base 10
3
Convert 4 (base 7) to base 9.
4
Convert -1 (base 15) to base 11.
-1
34 (base 5) to base 4
103
What is -15 (base 8) in base 7?
-16
Convert 2 (base 10) to base 5.
2
Convert -11 (base 2) to base 9.
-3
-4 (base 5) to base 8
-4
What is -11000100 (base 2) in base 13?
-121
10 (base 2) to base 8
2
What is 5 (base 11) in base 6?
5
What is 1330 (base 5) in base 2?
11010111
-14 (base 9) to base 7
-16
1000 (base 2) to base 8
10
What is 1101111 (base 2) in base 11?
a1
-2 (base 7) to base 2
-10
What is 23 (base 9) in base 7?
30
Convert -a (base 14) to base 12.
-a
What is 27 (base 10) in base 11?
25
12 (base 14) to base 2
10000
-1201 (base 3) to base 10
-46
Convert -3 (base 16) to base 2.
-11
Convert 2 (base 15) to base 5.
2
Convert 203 (base 6) to base 2.
1001011
68 (base 14) to base 16
5c
-3 (base 8) to base 5
-3
0 (base 3) to base 8
0
26 (base 11) to base 4
130
What is -7 (base 11) in base 7?
-10
Convert -16 (base 16) to base 13.
-19
Convert -3 (base 15) to base 5.
-3
What is 11 (base 12) in base 3?
111
Convert -1 (base 11) to base 3.
-1
What is -101 (base 9) in base 8?
-122
Convert 135 (base 7) to base 10.
75
Convert 2111 (base 3) to base 2.
1000011
What is -16 (base 12) in base 2?
-10010
What is -1110 (base 2) in base 8?
-16
Convert a (base 13) to base 9.
11
What is -171 (base 9) in base 5?
-1040
Convert 0 (base 4) to base 9.
0
What is 61 (base 13) in base 15?
54
What is -65 (base 10) in base 15?
-45
Convert 42 (base 16) to base 13.
51
What is 31 (base 5) in base 10?
16
Convert -10 (base 3) to base 8.
-3
What is 2 (base 8) in base 11?
2
What is 14 (base 16) in base 11?
19
Convert -4 (base 14) to base 16.
-4
-1 (base 14) to base 16
-1
Convert -4 (base 9) to base 6.
-4
What is -2b (base 13) in base 2?
-100101
22 (base 6) to base 14
10
What is -10 (base 5) in base 9?
-5
Convert 3 (base 8) to base 7.
3
-222 (base 4) to base 6
-110
-64 (base 7) to base 2
-101110
Convert 233 (base 4) to base 8.
57
11 (base 2) to base 12
3
Convert -10 (base 9) to base 10.
-9
Convert -3 (base 10) to base 11.
-3
1 (base 16) to base 7
1
What is 1 (base 10) in base 11?
1
What is -11 (base 2) in base 12?
-3
What is 8 (base 10) in base 9?
8
-1 (base 2) to base 12
-1
Convert -2 (base 10) to base 15.
-2
What is 1001 (base 3) in base 12?
24
What is 22 (base 4) in base 2?
1010
What is 110 (base 3) in base 5?
22
What is -2 (base 12) in base 15?
-2
Convert 16 (base 9) to base 6.
23
39 (base 16) to base 12
49
5 (base 9) to base 8
5
136 (base 15) to base 8
424
What is -10 (base 2) in base 13?
-2
2 (base 14) to base 10
2
1 (base 8) to base 15
1
What is 22 (base 16) in base 2?
100010
What is 202 (base 3) in base 16?
14
Convert -e (base 16) to base 14.
-10
2c (base 13) to base 4
212
Convert -38 (base 11) to base 3.
-1112
What is 88 (base 10) in base 2?
1011000
Convert 11002 (base 3) to base 2.
1101110
Convert 1 (base 3) to base 5.
1
2 (base 14) to base 11
2
What is -3 (base 16) in base 8?
-3
-5 (base 14) to base 13
-5
What is 112 (base 7) in base 10?
58
What is 7 (base 9) in base 11?
7
What is -7 (base 14) in base 2?
-111
What is -64 (base 14) in base 13?
-6a
Convert 17 (base 11) to base 15.
13
Convert 22100 (base 3) to base 5.
1400
Convert 2 (base 16) to base 6.
2
123 (base 4) to base 7
36
5 (base 16) to base 14
5
-13 (base 11) to base 3
-112
What is 1 (base 14) in base 10?
1
What is 16 (base 16) in base 13?
19
-142 (base 6) to base 16
-3e
-91 (base 10) to base 14
-67
-10 (base 6) to base 7
-6
Convert -1 (base 11) to base 2.
-1
What is 1b (base 12) in base 2?
10111
23 (base 5) to base 4
31
What is -145 (base 9) in base 2?
-1111010
-5 (base 11) to base 4
-11
Convert -62 (base 10) to base 15.
-42
8 (base 12) to base 16
8
What is 6 (base 14) in base 13?
6
5 (base 9) to base 6
5
Convert 23 (base 5) to base 10.
13
Convert d (base 15) to base 13.
10
What is 2 (base 13) in base 11?
2
Convert 8 (base 15) to base 6.
12
Convert -102 (base 4) to base 12.
-16
7 (base 11) to base 8
7
-12 (base 8) to base 2
-1010
Convert -300 (base 5) to base 15.
-50
What is 135 (base 7) in base 10?
75
Convert 1 (base 11) to base 3.
1
Convert -8 (base 16) to base 2.
-1000
-12 (base 8) to base 6
-14
-14 (base 10) to base 8
-16
Convert -132 (base 8) to base 7.
-156
4 (base 8) to base 9
4
-65 (base 12) to base 3
-2212
Convert 222 (base 3) to base 16.
1a
440 (base 6) to base 14
c0
What is 2 (base 5) in base 4?
2
-7a (base 15) to base 13
-8b
What is 34 (base 8) in base 5?
103
-3 (base 7) to base 2
-11
Convert -45 (base 6) to base 11.
-27
1 (base 11) to base 5
1
3 (base 14) to base 8
3
232 (base 8) to base 14
b0
What is -312 (base 4) in base 13?
-42
Convert 1 (base 10) to base 3.
1
Convert 139 (base 10) to base 5.
1024
-3 (base 8) to base 12
-3
What is -2 (base 5) in base 12?
-2
Convert -1011 (base 2) to base 3.
-102
What is 13 (base 4) in base 12?
7
Convert -1e (base 16) to base 3.
-1010
1 (base 13) to base 5
1
Convert -3 (base 16) to base 15.
-3
-1300 (base 4) to base 12
-94
What is 111 (base 3) in base 2?
1101
-3 (base 6) to base 12
-3
-7 (base 15) to base 3
-21
Convert 132 (base 10) to base 11.
110
-b5 (base 16) to base 4
-2311
What is 33 (base 5) in base 7?
24
What is -3 (base 15) in base 14?
-3
5 (base 9) to base 3
12
Convert -10 (base 14) to base 2.
-1110
Convert 109 (base 11) to base 12.
aa
32 (base 5) to base 8
21
What is 81 (base 10) in base 14?
5b
2 (base 5) to base 2
10
What is 3e (base 15) in base 10?
59
What is 1 (base 7) in base 8?
1
Convert -4 (base 6) to base 4.
-10
Convert -1101 (base 2) to base 16.
-d
What is -2011 (base 3) in base 15?
-3d
What is a (base 15) in base 12?
a
Convert 144 (base 10) to base 3.
12100
23b (base 12) to base 9
412
100 (base 2) to base 11
4
Convert 158 (base 16) to base 5.
2334
What is f (base 16) in base 2?
1111
Convert -100000 (base 3) to base 7.
-465
2 (base 14) to base 12
2
Convert 2 (base 13) to base 15.
2
3 (base 10) to base 12
3
What is -2 (base 16) in base 4?
-2
Convert -33 (base 7) to base 4.
-120
Convert 0 (base 2) to base 11.
0
Convert 44 (base 10) to base 7.
62
What is -20 (base 5) in base 3?
-101
2 (base 3) to base 15
2
Convert 0 (base 7) to base 16.
0
Convert -55 (base 15) to base 11.
-73
-2 (base 12) to base 15
-2
16 (base 15) to base 4
111
What is 8 (base 13) in base 16?
8
What is 213 (base 5) in base 3?
2011
3 (base 7) to base 4
3
-5 (base 6) to base 4
-11
What is 1003 (base 4) i